{"id":77,"date":"2020-02-07T15:51:05","date_gmt":"2020-02-07T15:51:05","guid":{"rendered":"https:\/\/gredd.org\/wip\/?page_id=77"},"modified":"2025-07-02T09:47:22","modified_gmt":"2025-07-02T14:47:22","slug":"guide-delaboration-des-plans-de-services-et-dintervention-individualisees","status":"publish","type":"page","link":"https:\/\/gredd.org\/wip\/?page_id=77","title":{"rendered":"Guide d&rsquo;\u00e9laboration des plans de services et d&rsquo;intervention individualis\u00e9es"},"content":{"rendered":"<p>[et_pb_section fb_built=\u00a0\u00bb1&Prime; admin_label=\u00a0\u00bbSection\u00a0\u00bb _builder_version=\u00a0\u00bb4.16&Prime; use_background_color_gradient=\u00a0\u00bbon\u00a0\u00bb background_color_gradient_direction=\u00a0\u00bb154deg\u00a0\u00bb background_image=\u00a0\u00bbhttps:\/\/gredd.org\/wip\/wp-content\/uploads\/2020\/03\/papier-or.jpg\u00a0\u00bb parallax=\u00a0\u00bbon\u00a0\u00bb parallax_method=\u00a0\u00bboff\u00a0\u00bb custom_margin=\u00a0\u00bb0px||0px||false|false\u00a0\u00bb custom_padding=\u00a0\u00bb0px||0px||false|false\u00a0\u00bb global_colors_info=\u00a0\u00bb{}\u00a0\u00bb][et_pb_row column_structure=\u00a0\u00bb1_2,1_2&Prime; admin_label=\u00a0\u00bbLigne\u00a0\u00bb _builder_version=\u00a0\u00bb4.16&Prime; background_enable_image=\u00a0\u00bboff\u00a0\u00bb parallax=\u00a0\u00bbon\u00a0\u00bb animation_style=\u00a0\u00bbzoom\u00a0\u00bb border_radii=\u00a0\u00bbon|0px|0px|0px|0px\u00a0\u00bb border_color_all=\u00a0\u00bb#000000&Prime; border_width_left=\u00a0\u00bb37px\u00a0\u00bb border_color_left=\u00a0\u00bbrgba(0,0,0,0)\u00a0\u00bb global_colors_info=\u00a0\u00bb{}\u00a0\u00bb][et_pb_column type=\u00a0\u00bb1_2&Prime; admin_label=\u00a0\u00bbColonne\u00a0\u00bb _builder_version=\u00a0\u00bb4.16&Prime; global_colors_info=\u00a0\u00bb{}\u00a0\u00bb][et_pb_text _builder_version=\u00a0\u00bb4.27.4&Prime; use_background_color_gradient=\u00a0\u00bbon\u00a0\u00bb background_color_gradient_direction=\u00a0\u00bb258deg\u00a0\u00bb background_color_gradient_stops=\u00a0\u00bb#DAAC74 37%|#E2BC83 75%\u00a0\u00bb background_color_gradient_start=\u00a0\u00bb#DAAC74&Prime; background_color_gradient_start_position=\u00a0\u00bb37%\u00a0\u00bb background_color_gradient_end=\u00a0\u00bb#E2BC83&Prime; background_color_gradient_end_position=\u00a0\u00bb75%\u00a0\u00bb custom_margin=\u00a0\u00bb143px||||false|false\u00a0\u00bb custom_padding=\u00a0\u00bb6px||14px||false|false\u00a0\u00bb link_option_url=\u00a0\u00bbhttps:\/\/www.coopzone.ca\/recherche?search=gredd&#038;page=1&Prime; link_option_url_new_window=\u00a0\u00bbon\u00a0\u00bb hover_enabled=\u00a0\u00bb0&Prime; border_width_right=\u00a0\u00bb15px\u00a0\u00bb border_color_right=\u00a0\u00bbrgba(0,0,0,0)\u00a0\u00bb global_colors_info=\u00a0\u00bb{}\u00a0\u00bb sticky_enabled=\u00a0\u00bb0&Prime;]<\/p>\n<h3 style=\"padding-left: 30px; text-align: center;\"><span style=\"color: #000000;\"><strong><a href=\"https:\/\/www.zone.coop\/librairie\/sciences-sociales\/service-social\/6126846-guide-d-elaboration-des-plans-individualises-de-services-et-d-intervention.html\" title=\"Guide d'\u00e9laboration des plans de services et d'intervention individualis\u00e9s\" class=\"et-fb-editable-element et-fb-editable-element__editing\" data-shortcode-id=\"0.0.0.0.0-1751467312787\" data-quickaccess-id=\"header\" contenteditable=\"true\">Guide d&rsquo;\u00e9laboration des plans de services et d&rsquo;intervention individualis\u00e9s<\/a><\/strong><\/span><span style=\"color: #000000;\"><\/span><\/h3>\n<p style=\"padding-left: 30px;\"><span>Voici un guide pratique favorisant la planification<\/span><span><em>, <\/em><\/span><span>la r\u00e9alisation, l\u2019\u00e9valuation et le suivi\u00a0des plans de services et d\u2019intervention individualis\u00e9s. Il consid\u00e8re les directives l\u00e9gales d\u00e9finissant l\u2019offre des services, les exigences de collaboration entre les intervenants et la compl\u00e9mentarit\u00e9 des r\u00e9seaux des services sociaux, communautaires, de sant\u00e9 et d\u2019\u00e9ducation. Il d\u00e9crit les fondements th\u00e9oriques, pr\u00e9sente de nombreux exemples, des illustrations et des \u00e9tudes de cas, pour mettre en \u00e9vidence la d\u00e9marche d\u2019intervention susceptible de r\u00e9pondre \u00e0 une demande de services d\u2019une personne et de ses proches. Ce guide s\u2019inspire des valeurs humanistes et psychosociales et se fonde sur les recherches et les pratiques efficaces de l\u2019individualisation pour d\u00e9finir l\u2019offre des services et la r\u00e9alisation des programmes d\u2019intervention et d\u2019apprentissage. Il vise, en d\u00e9finitive, \u00e0 aider les intervenants et leurs proches \u00e0 favoriser le d\u00e9veloppement de la totalit\u00e9 de la personne, dans ses dimensions intellectuelles, affectives, psychomotrices, sociales et spirituelles.<\/span><\/p>\n<p style=\"padding-left: 30px; text-align: center;\"><a href=\"https:\/\/www.coopzone.ca\/recherche?search=gredd&amp;page=1\">Pour commander<\/a><span><\/span><\/p>\n<p style=\"padding-left: 30px;\"><span><\/span><\/p>\n<p>[\/et_pb_text][\/et_pb_column][et_pb_column _builder_version=\u00a0\u00bb4.27.4&Prime; _module_preset=\u00a0\u00bbdefault\u00a0\u00bb type=\u00a0\u00bb1_2&Prime;][et_pb_text _builder_version=\u00a0\u00bb4.27.4&Prime; use_background_color_gradient=\u00a0\u00bbon\u00a0\u00bb background_color_gradient_direction=\u00a0\u00bb258deg\u00a0\u00bb background_color_gradient_stops=\u00a0\u00bb#DAAC74 37%|#E2BC83 75%\u00a0\u00bb background_color_gradient_start=\u00a0\u00bb#DAAC74&Prime; background_color_gradient_start_position=\u00a0\u00bb37%\u00a0\u00bb background_color_gradient_end=\u00a0\u00bb#E2BC83&Prime; background_color_gradient_end_position=\u00a0\u00bb75%\u00a0\u00bb custom_margin=\u00a0\u00bb143px||||false|false\u00a0\u00bb custom_padding=\u00a0\u00bb0px||14px||false|false\u00a0\u00bb link_option_url=\u00a0\u00bbhttps:\/\/www.coopzone.ca\/recherche?search=gredd&#038;page=1&Prime; link_option_url_new_window=\u00a0\u00bbon\u00a0\u00bb hover_enabled=\u00a0\u00bb0&Prime; border_width_right=\u00a0\u00bb15px\u00a0\u00bb border_color_right=\u00a0\u00bbrgba(0,0,0,0)\u00a0\u00bb global_colors_info=\u00a0\u00bb{}\u00a0\u00bb sticky_enabled=\u00a0\u00bb0&Prime;]<\/p>\n<p style=\"padding-left: 30px;\"><span style=\"color: #000000;\"><strong>Le pr\u00e9sent guide de formation et de perfectionnement s\u2019adresse<\/strong> :<\/span><\/p>\n<p style=\"padding-left: 30px;\"><span style=\"color: #000000;\">Aux \u00e9tudiants du niveau coll\u00e9gial ou universitaire dans les disciplines de l&rsquo;\u00e9ducation<\/span><br \/> <span style=\"color: #000000;\"> sp\u00e9cialis\u00e9e de la p\u00e9dagogie de la psycho\u00e9ducation ou de l\u2019intervention.<\/span><\/p>\n<p style=\"padding-left: 30px;\"><span style=\"color: #000000;\">Aux \u00e9tudiants du niveau coll\u00e9gial ou universitaire<\/span><br \/> <span style=\"color: #000000;\"> sp\u00e9cialis\u00e9e, de la p\u00e9dagogie, de la psycho\u00e9ducation ou de l\u2019intervention psychosociale.<\/span><\/p>\n<p style=\"padding-left: 30px;\"><span style=\"color: #000000;\">Aux intervenants des r\u00e9seaux sociaux, de la sant\u00e9 ou de l\u2019\u00e9ducation qui veulent am\u00e9liorer leurs interventions et offrir de meilleurs services \u00e0 leur client\u00e8le.<\/span><\/p>\n<p style=\"padding-left: 30px;\"><span style=\"color: #000000;\">Aux coordonnateurs cliniques et superviseurs qui soutiennent la r\u00e9alisation des plans de services individualis\u00e9s (PSI) et des plans d&rsquo;intervention (PI) dans leur organisation.<\/span><\/p>\n<p style=\"padding-left: 30px;\"><span style=\"color: #000000;\">Aux organismes qui se pr\u00e9occupent de mieux outiller leur personnel pour r\u00e9pondre aux besoins multiples de leur client\u00e8le et am\u00e9liorer la coordination des services intra et inter-\u00e9tablissements.<\/span><\/p>\n<p style=\"padding-left: 30px;\"><span style=\"color: #000000;\">Aux parents et aux proches qui veulent participer aux apprentissages des personnes dont elles sont responsables.<\/span><\/p>\n<p>[\/et_pb_text][et_pb_button button_url=\u00a0\u00bb@ET-DC@eyJkeW5hbWljIjp0cnVlLCJjb250ZW50IjoicG9zdF9saW5rX3VybF9wYWdlIiwic2V0dGluZ3MiOnsicG9zdF9pZCI6IjQxIn19@\u00a0\u00bb button_text=\u00a0\u00bbRetour\u00a0\u00bb _builder_version=\u00a0\u00bb4.16&Prime; _dynamic_attributes=\u00a0\u00bbbutton_url\u00a0\u00bb custom_button=\u00a0\u00bbon\u00a0\u00bb button_text_color=\u00a0\u00bb#000000&Prime; button_icon=\u00a0\u00bb&#x3e;||divi||400&Prime; button_icon_color=\u00a0\u00bb#ffffff\u00a0\u00bb global_colors_info=\u00a0\u00bb{}\u00a0\u00bb][\/et_pb_button][\/et_pb_column][\/et_pb_row][et_pb_row _builder_version=\u00a0\u00bb4.16&Prime; global_colors_info=\u00a0\u00bb{}\u00a0\u00bb][et_pb_column type=\u00a0\u00bb4_4&Prime; admin_label=\u00a0\u00bbColonne\u00a0\u00bb _builder_version=\u00a0\u00bb4.16&Prime; global_colors_info=\u00a0\u00bb{}\u00a0\u00bb][et_pb_nextend_smart_slider_3 slider=\u00a0\u00bb5&Prime; _builder_version=\u00a0\u00bb4.27.4&Prime; global_colors_info=\u00a0\u00bb{}\u00a0\u00bb][\/et_pb_nextend_smart_slider_3][\/et_pb_column][\/et_pb_row][\/et_pb_section]<\/p>\n","protected":false},"excerpt":{"rendered":"<p>Guide d&rsquo;\u00e9laboration des plans de services et d&rsquo;intervention individualis\u00e9s Voici un guide pratique favorisant la planification, la r\u00e9alisation, l\u2019\u00e9valuation et le suivi\u00a0des plans de services et d\u2019intervention individualis\u00e9s. Il consid\u00e8re les directives l\u00e9gales d\u00e9finissant l\u2019offre des services, les exigences de collaboration entre les intervenants et la compl\u00e9mentarit\u00e9 des r\u00e9seaux des services sociaux, communautaires, de sant\u00e9 [&hellip;]<\/p>\n","protected":false},"author":1,"featured_media":0,"parent":0,"menu_order":0,"comment_status":"closed","ping_status":"closed","template":"","meta":{"_et_pb_use_builder":"on","_et_pb_old_content":"","_et_gb_content_width":"","footnotes":""},"class_list":["post-77","page","type-page","status-publish","hentry"],"_links":{"self":[{"href":"https:\/\/gredd.org\/wip\/index.php?rest_route=\/wp\/v2\/pages\/77","targetHints":{"allow":["GET"]}}],"collection":[{"href":"https:\/\/gredd.org\/wip\/index.php?rest_route=\/wp\/v2\/pages"}],"about":[{"href":"https:\/\/gredd.org\/wip\/index.php?rest_route=\/wp\/v2\/types\/page"}],"author":[{"embeddable":true,"href":"https:\/\/gredd.org\/wip\/index.php?rest_route=\/wp\/v2\/users\/1"}],"replies":[{"embeddable":true,"href":"https:\/\/gredd.org\/wip\/index.php?rest_route=%2Fwp%2Fv2%2Fcomments&post=77"}],"version-history":[{"count":23,"href":"https:\/\/gredd.org\/wip\/index.php?rest_route=\/wp\/v2\/pages\/77\/revisions"}],"predecessor-version":[{"id":1582,"href":"https:\/\/gredd.org\/wip\/index.php?rest_route=\/wp\/v2\/pages\/77\/revisions\/1582"}],"wp:attachment":[{"href":"https:\/\/gredd.org\/wip\/index.php?rest_route=%2Fwp%2Fv2%2Fmedia&parent=77"}],"curies":[{"name":"wp","href":"https:\/\/api.w.org\/{rel}","templated":true}]}}