{"id":1461,"date":"2023-05-28T11:51:55","date_gmt":"2023-05-28T11:51:55","guid":{"rendered":"https:\/\/gredd.org\/wip\/?page_id=1461"},"modified":"2023-05-29T17:25:03","modified_gmt":"2023-05-29T17:25:03","slug":"ihva-2e-edition","status":"publish","type":"page","link":"https:\/\/gredd.org\/wip\/?page_id=1461","title":{"rendered":"IHVA 2\u00e8 \u00e9dition"},"content":{"rendered":"<p>[et_pb_section fb_built=\u00a0\u00bb1&Prime; _builder_version=\u00a0\u00bb4.3.4&Prime; background_color=\u00a0\u00bb#cebcab\u00a0\u00bb background_image=\u00a0\u00bbhttps:\/\/gredd.org\/wip\/wp-content\/uploads\/2020\/03\/papier-or.jpg\u00a0\u00bb width=\u00a0\u00bb97%\u00a0\u00bb max_width=\u00a0\u00bb96%\u00a0\u00bb module_alignment=\u00a0\u00bbcenter\u00a0\u00bb min_height=\u00a0\u00bb100px\u00a0\u00bb custom_margin=\u00a0\u00bb-16px||6px||false|false\u00a0\u00bb custom_margin_tablet=\u00a0\u00bb\u00a0\u00bb custom_margin_phone=\u00a0\u00bb\u00a0\u00bb custom_margin_last_edited=\u00a0\u00bbon|desktop\u00a0\u00bb custom_padding=\u00a0\u00bb40px||0px||false|false\u00a0\u00bb][et_pb_row use_custom_gutter=\u00a0\u00bbon\u00a0\u00bb gutter_width=\u00a0\u00bb1&Prime; _builder_version=\u00a0\u00bb4.3.2&Prime; background_color=\u00a0\u00bbrgba(0,0,0,0)\u00a0\u00bb width=\u00a0\u00bb100%\u00a0\u00bb max_width=\u00a0\u00bb2560px\u00a0\u00bb custom_margin=\u00a0\u00bb15px|||3px|false|false\u00a0\u00bb custom_margin_tablet=\u00a0\u00bb\u00a0\u00bb custom_margin_phone=\u00a0\u00bb23px||||false|false\u00a0\u00bb custom_margin_last_edited=\u00a0\u00bbon|tablet\u00a0\u00bb custom_padding=\u00a0\u00bb8px||3px||false|false\u00a0\u00bb custom_margin__hover_enabled=\u00a0\u00bbon|desktop\u00a0\u00bb][et_pb_column type=\u00a0\u00bb4_4&Prime; _builder_version=\u00a0\u00bb4.3.2&Prime;][et_pb_text _builder_version=\u00a0\u00bb4.3.4&Prime; text_font=\u00a0\u00bb|700|||||||\u00a0\u00bb text_text_color=\u00a0\u00bb#000000&Prime; background_color=\u00a0\u00bb#e0a762&Prime; use_background_color_gradient=\u00a0\u00bbon\u00a0\u00bb background_color_gradient_start=\u00a0\u00bbrgba(0,0,0,0)\u00a0\u00bb background_color_gradient_end=\u00a0\u00bbrgba(0,0,0,0)\u00a0\u00bb background_enable_image=\u00a0\u00bboff\u00a0\u00bb width=\u00a0\u00bb95%\u00a0\u00bb max_width=\u00a0\u00bb91%\u00a0\u00bb module_alignment=\u00a0\u00bbcenter\u00a0\u00bb custom_margin=\u00a0\u00bb59px||5px||false|false\u00a0\u00bb custom_padding=\u00a0\u00bb11px||11px||false|false\u00a0\u00bb]<\/p>\n<h2 id=\"sideTitle\" style=\"text-align: center;\">L\u2019Inventaire \u00a0des habilet\u00e9s pour la vie en appartement<\/h2>\n<p>[\/et_pb_text][\/et_pb_column][\/et_pb_row][et_pb_row column_structure=\u00a0\u00bb3_5,2_5&Prime; _builder_version=\u00a0\u00bb4.3.2&Prime; border_radii=\u00a0\u00bboff||||\u00a0\u00bb][et_pb_column type=\u00a0\u00bb3_5&Prime; _builder_version=\u00a0\u00bb4.3.2&Prime;][et_pb_text _builder_version=\u00a0\u00bb4.3.4&Prime; text_font=\u00a0\u00bb|600|||||||\u00a0\u00bb text_text_color=\u00a0\u00bb#000000&Prime; link_text_color=\u00a0\u00bb#001dff\u00a0\u00bb width=\u00a0\u00bb100%\u00a0\u00bb max_width=\u00a0\u00bb100%\u00a0\u00bb custom_margin=\u00a0\u00bb|||3px|false|false\u00a0\u00bb custom_padding=\u00a0\u00bb|||0px|false|false\u00a0\u00bb]<\/p>\n<h2 id=\"sideTitle\"><strong>L\u2019Inventaire \u00a0des habilet\u00e9s pour la vie en appartement 2\u00e8 \u00e9dition<\/strong><\/h2>\n<p>\u00a0<span style=\"font-size: 18px;\"><strong>L\u2019inventaire comporte d\u2019abord une section portant sur des aspects g\u00e9n\u00e9raux de la situation de la personne.\u00a0: Les \u00e9l\u00e9ments suivants\u00a0sont abord\u00e9s\u00a0:<\/strong><\/span><\/p>\n<ul>\n<li><span>Sant\u00e9<\/span><\/li>\n<li><span>Facteurs personnels<\/span><\/li>\n<li><span>Environnement\/adaptations<\/span><\/li>\n<\/ul>\n<p style=\"font-weight: 400;\"><strong>La deuxi\u00e8me section de l\u2019inventaire regroupe des habilet\u00e9s de 13\u00a0domaines de comp\u00e9tences\u00a0:<\/strong><\/p>\n<ol style=\"font-weight: 400;\">\n<li>Sant\u00e9 (11 items)<\/li>\n<li>Hygi\u00e8ne personnelle (10 items)<\/li>\n<li>Pr\u00e9paration des repas (14 items)<\/li>\n<li>V\u00eatements (11 items)<\/li>\n<li>S\u00e9curit\u00e9 en r\u00e9sidence (12 items)<\/li>\n<li>Communication et r\u00e9seaux sociaux (9 items)<\/li>\n<li>Budget (14 items)<\/li>\n<li>Habilet\u00e9s communautaires (11 items)<\/li>\n<li>Vie sociale en appartement (12 items)<\/li>\n<li>Entretien r\u00e9gulier de l\u2019appartement et de la salle de bain (11 items)<\/li>\n<li>\u00a0Entretien de la chambre et de la cuisine (11 items)<\/li>\n<li>Entretien \u00e9pisodique de l\u2019appartement (12 items)<\/li>\n<li>Gestion du temps (11 items)<\/li>\n<\/ol>\n<p>&nbsp;<\/p>\n<p>&nbsp;<\/p>\n<p>&nbsp;<\/p>\n<p style=\"font-weight: 400;\"><span>\u00a0<\/span><\/p>\n<p>&nbsp;<\/p>\n<p>&nbsp;<\/p>\n<p>&nbsp;<\/p>\n<p><span><\/span><span><br \/> <\/span><\/p>\n<p>&nbsp;<\/p>\n<p>&nbsp;<\/p>\n<p>&nbsp;<\/p>\n<p>&nbsp;<\/p>\n<p>&nbsp;<\/p>\n<p>&nbsp;<\/p>\n<p>&nbsp;<\/p>\n<p>[\/et_pb_text][et_pb_button button_url=\u00a0\u00bb@ET-DC@eyJkeW5hbWljIjp0cnVlLCJjb250ZW50IjoicG9zdF9saW5rX3VybF9wYWdlIiwic2V0dGluZ3MiOnsicG9zdF9pZCI6IjUyNiJ9fQ==@\u00a0\u00bb button_text=\u00a0\u00bb@ET-DC@eyJkeW5hbWljIjp0cnVlLCJjb250ZW50IjoicG9zdF9saW5rIiwic2V0dGluZ3MiOnsiYmVmb3JlIjoiIiwiYWZ0ZXIiOiIiLCJ0ZXh0IjoicG9zdF90aXRsZSIsImN1c3RvbV90ZXh0IjoiIn19@\u00a0\u00bb admin_label=\u00a0\u00bbRetour\u00a0\u00bb _builder_version=\u00a0\u00bb4.4.8&Prime; _dynamic_attributes=\u00a0\u00bbbutton_url,button_text\u00a0\u00bb custom_button=\u00a0\u00bbon\u00a0\u00bb button_text_color=\u00a0\u00bb#000000&Prime; button_icon=\u00a0\u00bb%%29%%\u00a0\u00bb hover_enabled=\u00a0\u00bb0&Prime;][\/et_pb_button][\/et_pb_column][et_pb_column type=\u00a0\u00bb2_5&Prime; _builder_version=\u00a0\u00bb4.3.2&Prime;][\/et_pb_column][\/et_pb_row][\/et_pb_section]<\/p>\n","protected":false},"excerpt":{"rendered":"<p>L\u2019Inventaire \u00a0des habilet\u00e9s pour la vie en appartementL\u2019Inventaire \u00a0des habilet\u00e9s pour la vie en appartement 2\u00e8 \u00e9dition \u00a0L\u2019inventaire comporte d\u2019abord une section portant sur des aspects g\u00e9n\u00e9raux de la situation de la personne.\u00a0: Les \u00e9l\u00e9ments suivants\u00a0sont abord\u00e9s\u00a0: Sant\u00e9 Facteurs personnels Environnement\/adaptations La deuxi\u00e8me section de l\u2019inventaire regroupe des habilet\u00e9s de 13\u00a0domaines de comp\u00e9tences\u00a0: Sant\u00e9 (11 [&hellip;]<\/p>\n","protected":false},"author":1,"featured_media":0,"parent":0,"menu_order":0,"comment_status":"closed","ping_status":"closed","template":"","meta":{"_et_pb_use_builder":"on","_et_pb_old_content":"<!-- wp:image {\"id\":1462,\"sizeSlug\":\"large\"} -->\n<figure class=\"wp-block-image size-large\"><img src=\"https:\/\/gredd.org\/wip\/wp-content\/uploads\/2023\/05\/image.png\" alt=\"\" class=\"wp-image-1462\"\/><\/figure>\n<!-- \/wp:image -->","_et_gb_content_width":"","footnotes":""},"class_list":["post-1461","page","type-page","status-publish","hentry"],"_links":{"self":[{"href":"https:\/\/gredd.org\/wip\/index.php?rest_route=\/wp\/v2\/pages\/1461","targetHints":{"allow":["GET"]}}],"collection":[{"href":"https:\/\/gredd.org\/wip\/index.php?rest_route=\/wp\/v2\/pages"}],"about":[{"href":"https:\/\/gredd.org\/wip\/index.php?rest_route=\/wp\/v2\/types\/page"}],"author":[{"embeddable":true,"href":"https:\/\/gredd.org\/wip\/index.php?rest_route=\/wp\/v2\/users\/1"}],"replies":[{"embeddable":true,"href":"https:\/\/gredd.org\/wip\/index.php?rest_route=%2Fwp%2Fv2%2Fcomments&post=1461"}],"version-history":[{"count":6,"href":"https:\/\/gredd.org\/wip\/index.php?rest_route=\/wp\/v2\/pages\/1461\/revisions"}],"predecessor-version":[{"id":1495,"href":"https:\/\/gredd.org\/wip\/index.php?rest_route=\/wp\/v2\/pages\/1461\/revisions\/1495"}],"wp:attachment":[{"href":"https:\/\/gredd.org\/wip\/index.php?rest_route=%2Fwp%2Fv2%2Fmedia&parent=1461"}],"curies":[{"name":"wp","href":"https:\/\/api.w.org\/{rel}","templated":true}]}}